y x(-7)?
5
Suppose 15 - 5 = -5*v. What is the remainder when 58 is divided by (-15)/(-2*(-1)/v)?
13
Suppose 2*z + 215 = -5*g - z, 4*g = -2*z - 170. Let n = g + 71. Calculate the remainder when n is divided by 16.
15
Let c = -23 + 32. Let r = -57 - -83. Calculate the remainder when r is divided by c.
8
Let s be (-288)/(-20) + 2/(-5). Suppose 4*v + 1 = 13. What is the remainder when v is divided by s/8 + 4/16?
1
Let u(y) = -y**3 + 7*y**2 + 2*y - 6. Let w(n) = -n**3 - 3*n**2 + 2*n - 1. Let p be w(-4). What is the remainder when 30 is divided by u(p)?
6
Suppose 3*l = 5*j - 177, -6*l + 169 = 5*j - 7*l. Calculate the remainder when 129 is divided by j.
30
Let p be 5/5 + 0 + -12. Let m = p + 17. What is the remainder when m is divided by 4?
2
Let o = 33 - 12. Suppose -5*a + 2*a - 2*s = -236, -5*s = 2*a - 139. Calculate the remainder when a is divided by o.
19
Let d be 6/(-4)*32/(-12). Let z be d/(4/5)*10. Suppose 15 = -3*l, -z = -2*b - 3*b - 4*l. What is the remainder when b is divided by 8?
6
Let h(f) = f**2 + 10*f + 2. Let w be h(-6). Let y = w - -56. Let m(k) = -2*k + 6. What is the remainder when y is divided by m(-6)?
16
Let l(b) = -4*b + 71. Let p(w) = -w**3 + 5*w**2 + 6*w + 1. Let q be p(5). Suppose q = 4*t - 93. What is the remainder when t is divided by l(15)?
9
Let g(h) = -h**2 + 10*h - 11. Calculate the remainder when 12 is divided by g(8).
2
Let a(m) = -20*m - 4. Let f be a(-4). Suppose 3*z = -z + f. Calculate the remainder when z is divided by 10.
9
Suppose 3*s + 3*d = 87, 3*d - 14 = -2*s + 39. What is the remainder when s is divided by 9?
7
Let s(l) be the third derivative of -l**5/60 + l**4/24 + 7*l**3/2 + 2*l**2. Suppose -2*o + 1 + 21 = 0. What is the remainder when s(0) is divided by o?
10
Let y = 162 - 161. Calculate the remainder when 1 is divided by y.
0
Suppose -t - 2*t - 87 = 0. Let x = t - -43. Calculate the remainder when 26 is divided by x.
12
Let f = 22 - 8. What is the remainder when 24 is divided by f?
10
Let z(k) = -2*k + 57. Suppose -2*x = -3*x + 25. What is the remainder when z(4) is divided by x?
24
Let w = 17 + -63. Let f = -23 - w. Calculate the remainder when 43 is divided by f.
20
Let w(f) = f**3 + 6*f**2 - f + 3. Let i(r) = -r**3 + 14*r**2 - 16*r + 17. Let z be i(13). Let l = z + 48. Calculate the remainder when l is divided by w(-6).
8
Suppose -2*k + 4 = -0*k. What is the remainder when k is divided by (3 - 6/3)/1?
0
Suppose 0 = -2*y - y + 15. Suppose -x + y*x - 24 = 0. Calculate the remainder when (x/(-5))/(6/(-20)) is divided by 3.
1
Suppose 8 = g + 4*p, -28 = 4*g + 5*p - 71. Calculate the remainder when 43 is divided by g.
7
Let k(j) = 2*j + 5. What is the remainder when 37 is divided by k(4)?
11
Let i(z) = z**3 - 6*z**2 + 7*z + 1. Suppose 3*o = 5 - 2. Calculate the remainder when -2 - (21 + o)/(-1) is divided by i(5).
9
Suppose 2*x - 16 = -4*z, 3*x + 0*z = -4*z + 34. What is the remainder when x is divided by (10/(-6))/(2/(-6))?
3
Calculate the remainder when ((-312)/48)/(-2 + 22/12) is divided by 7.
4
Suppose 0 = -4*c - c + v + 170, -2*c + 4*v = -86. Calculate the remainder when 162 is divided by c.
30
Suppose -4*q - 4*d + 60 = 0, 0*q - d = -2*q + 30. Let x(c) = 20*c - 1. What is the remainder when x(3) is divided by q?
14
Suppose -9*n = -15*n + 48. Suppose 7*y = 2*y - 1065. Calculate the remainder when y/(-9) - 4/6 is divided by n.
7
Let q = 9 - 8. Suppose 4 = o - q. Calculate the remainder when 12 is divided by o.
2
Suppose 0 = 4*g - 0*g - 124. What is the remainder when g is divided by 8?
7
Suppose 0 = -5*t + 21 - 6. Suppose 4*h - 212 = -4*q, 163 = t*q - 0*h + h. Suppose -150 = -5*u + q. What is the remainder when u is divided by 14?
13
Suppose 0*w = -5*w + 40. Let q(x) = x**3 - 7*x**2 - 6*x - 4. Suppose 3*j = -0*j + 21. What is the remainder when q(w) is divided by j?
5
Suppose -8 = w - 1. Let o = w - -26. What is the remainder when o is divided by 11?
8
Let z be (7/((-14)/12))/1. Let v be 3/z - 6/(-4). Calculate the remainder when (-1)/(0 + v) + 17 is divided by 6.
4
Let d be 2/(-3*(-1)/6). Suppose 6 = d*a - 2. What is the remainder when 3 is divided by a?
1
Calculate the remainder when 23 is divided by (-33)/(-4) - 6/24.
7
Let s(n) = n**3 + 14*n**2 - 17*n - 6. What is the remainder when s(-15) is divided by 9?
6
Suppose -5*z - 1 + 76 = 0. What is the remainder when ((-27)/z)/((-18)/120) is divided by 7?
5
What is the remainder when 166 is divided by ((-52)/(-20) + -3)/(2/(-65))?
10
Suppose 6*y + 8*y = 2646. Calculate the remainder when y is divided by 24.
21
Suppose -z + 2*x - 5 + 4 = 0, -4*z - 10 = -5*x. Calculate the remainder when 9/(2 + z) - -28 is divided by 9.
7
Let y(o) = -o**2 + 10*o - 7. Calculate the remainder when 100 is divided by y(6).
15
Suppose 0 = -5*f + 6 + 9. Suppose -5*q + a = -45, 4*a - 2*a = -f*q + 14. What is the remainder when 14 is divided by q?
6
Suppose 5*k + 4*j - 2*j = 32, -2*j = -2*k + 24. Calculate the remainder when k is divided by 2.
0
Let k = 10 - 7. Calculate the remainder when -1 - 21*(1 - 2) is divided by 19/k - (-6)/9.
6
Suppose -h + 25 = 4*q - 40, -h = 2*q - 33. Calculate the remainder when 31 is divided by q.
15
Suppose 0 = -8*c + 3*c + 20. Suppose -c = -w - 0. Calculate the remainder when (-18)/3*-1*1 is divided by w.
2
Let x = 26 + -18. Suppose -5*j + 2*i = -8 - x, 3 = -i. What is the remainder when 3 is divided by j?
1
Suppose -2*l = -l - 5*k + 4, 3*l - 7 = -4*k. Let y = l + 1. Suppose 0 = 2*s + y*s - 40. Calculate the remainder when s is divided by 6.
4
Let q = 6 + -4. Suppose g + q*v + 7 = 0, -5*g + 5 + 0 = 2*v. Suppose -g*m - 1 + 7 = 0. What is the remainder when 5 is divided by m?
1
Calculate the remainder when (436/10)/(4/10) is divided by 38.
33
Let g = 14 + 28. What is the remainder when g is divided by 22?
20
Suppose 0 = -l - n + 59, n - 126 = 4*l - 342. What is the remainder when l is divided by 21?
13
Suppose 4*f - 132 = -p, 4*p + 45 = 5*f - 120. What is the remainder when f is divided by 18?
15
Suppose -3*f - 120 = -4*n, 0 = -4*n - 6*f + 3*f + 120. Calculate the remainder when 89 is divided by n.
29
What is the remainder when (2*(-2)/8)/((-16)/1184) is divided by 10?
7
Let g = -1 - -3. Let h = 8 + -6. Calculate the remainder when h is divided by g.
0
Let a(g) = g**2 - 4*g + 2. Let w be a(-5). Let k = -31 + w. Calculate the remainder when 61 is divided by k.
13
Suppose 4*z = -z. Suppose 3*h + 5*i - 92 = z, 5*h + 3*i - 119 = h. Suppose -2*k + 10 + 10 = 0. What is the remainder when h is divided by k?
9
Suppose 7*x - 42 = 112. Calculate the remainder when 107 is divided by x.
19
Let l(i) = -7*i + 253. What is the remainder when l(0) is divided by 16?
13
Let j(z) = -4*z**2 - z + 1. Let m be j(1). Let q = 7 + m. Calculate the remainder when 7 is divided by q.
1
Let a(h) = -h + 5. Suppose 5*x + 7 - 122 = 0. What is the remainder when x is divided by a(-7)?
11
Suppose -18 = -5*v - r - 0*r, 0 = 4*r + 8. Suppose o - 19 = c, -2*c - v - 6 = 0. Calculate the remainder when 27 is divided by o.
13
Let p(l) = -9*l - 7. Suppose -3 = 3*f + 9. Calculate the remainder when p(-5) is divided by 1*2*(-26)/f.
12
Suppose 0 = p + 1 - 16. What is the remainder when 57 is divided by p?
12
Let m be 1 + 1 + -2 - 2. Let b be (33/(-6))/(m/4). Suppose -5*f = 2*l + b - 41, -f + 29 = 5*l. What is the remainder when 6 is divided by f?
2
Suppose 25 = 4*s + s + 5*k, 0 = s + 4*k - 2. Suppose z = 4*z - s. What is the remainder when -1 + (-152)/(-26) + 12/78 is divided by z?
1
Suppose -y - 6 = -43. Suppose 0 = 5*a - 20, 0*d + 5*a + 37 = 3*d. What is the remainder when y is divided by d?
18
Suppose 0 = -4*r - 20, s + 4*s = 4*r + 65. Calculate the remainder when 25 is divided by s.
7
Let t(p) = -2*p + 4. Calculate the remainder when 18 is divided by t(-3).
8
Let g = 12 + -8. Suppose 2*n - n - g = 0. What is the remainder when 6 is divided by n?
2
Let u = -16 + 30. Suppose 2*f - u = 24. Let s(t) = t**3 + 3*t**2 - 6*t - 1. What is the remainder when f is divided by s(-4)?
5
Let u be ((-4)/(-3))/((-5)/(-60)). Let l = u - -4. Calculate the remainder when 6/15 - (-332)/l is divided by 9.
8
Suppose -3*m + 3*r + 51 = 0, 47 = 2*m - r + 9. Let i = 12 + -4. Calculate the remainder when m is divided by i.
5
Let p(c) = 3*c - 15. What is the remainder when 23 is divided by p(10)?
8
Let d(j) = -j**3 